(g)?
73
Let k(o) = 6*o**2 + o. Let y(a) = a**3 + 4*a**2 - 9*a - 5. Let r(s) = -2*s**3 - 9*s**2 + 20*s + 11. Let h(d) = 3*r(d) + 7*y(d). Let n be h(-1). Give k(n).
7
Let t = -31 - -25. Let c(u) be the third derivative of -u**6/120 - u**5/12 + 3*u**4/8 + 5*u**3/6 - 135*u**2. What is c(t)?
-13
Let x(c) = c**2 - 5*c - 2. Suppose 3*i + i = -8. Give x(i).
12
Let t(x) = 1 + 13*x**2 - 24*x**2 + 10*x**2 - 10*x - 25. Let u be t(-5). Let o(l) = 6*l**3 + 2*l**2 - 1. What is o(u)?
7
Suppose 74 = -h - 2*q + 16, 3*h + 5*q = -176. Let b = -88 - -33. Let v = b - h. Let w(f) = -f**2 + 8*f + 2. What is w(v)?
9
Let v(n) = 4*n - 2. Let m be (16/6)/((-8)/(-252)). Suppose m = -2*b + 166. Let x = -33 + b. Calculate v(x).
30
Suppose h + 4*g - 6 - 4 = 0, 2*g = 3*h - 2. Let y(t) = -1 - 28*t + 12*t + 5*t**h + 20*t + t**3. Give y(-4).
-1
Let d(i) be the third derivative of 5*i**4/24 + i**3/6 - 18*i**2 - 3. Determine d(8).
41
Let g be (1 - (-129)/3) + -6. Let m = g - 32. Let k(d) = d**2 - 5*d - 6. Calculate k(m).
0
Let y(i) = 10*i**3 - 2*i**2 + 1. Let k be y(1). Let u(p) be the first derivative of p**4/4 - 3*p**3 + p**2 - 11*p - 42035. Calculate u(k).
7
Let h(v) = 50*v**2 - 36*v + 57. Let z(k) = -7*k**2 + 5*k - 8. Let c(i) = -3*h(i) - 22*z(i). Calculate c(-4).
77
Let g(n) = -18*n - 23. Let v(b) = -8*b - 11. Suppose 5*w + 34 = 4*f, 5*f - 1 = -2*w - 8. Let p(k) = w*g(k) + 13*v(k). Give p(5).
15
Suppose 4*p + 18 = 2*n, 67 = 3*n + p + 75. Let d(s) = -2*s**2 - 62*s - 61. Give d(n).
-1
Let w(j) = -52*j**3 + j**2 - j. Let k(o) = -209*o**3 + 10*o**2 - 12*o + 43. Let l(u) = k(u) - 4*w(u). Determine l(6).
-5
Let p(j) = -j**3 + 14*j**2 + 3*j - 66. Let b(s) = s**3 + 59*s**2 + 3*s + 191. Let r be b(-59). What is p(r)?
-24
Let r(u) = -4*u - 3. Let k(b) = -b**3 + 12*b**2 - 2*b + 30. Let x be k(12). Let v be 3/(x*7/(-56)). What is r(v)?
13
Let v be 1 + (3/2)/(2/4). Suppose v + 2 = -2*z - 5*d, 2*z - 2 = -d. Suppose z*l = -4*l + 12. Let y(o) = -o**3 + 4*o**2 - 2*o + 1. Determine y(l).
5
Let m(r) = -r - 1. Let s be m(-7). Let o(v) = s*v + 8 - 7 + 7*v - 12*v. Calculate o(6).
7
Suppose -6 = -8*j + 6*j. Let a(n) = j*n - 4 - 3*n - 2*n + 0*n. Give a(-6).
8
Suppose -6*z + 2*z + 208 = -4*k, 0 = 2*z + 3*k - 99. Let m(h) = 24*h - 6 + 15*h + 13*h - z*h. What is m(-6)?
-12
Let m be 8 - (-5)/((-15)/12). Suppose -m*s + 0*s = -20. Suppose -s*n - 4*f + 12 = -30, 4*n + 4*f - 36 = 0. Let c(p) = -p**2 + 8*p - 7. What is c(n)?
5
Let k(q) = 5*q - 963 - 955 + 1934. Give k(-8).
-24
Suppose -52*z = -162 + 266. Let o(u) = -3*u**2 - 9*u - 12. Determine o(z).
-6
Let y(r) = -r**2 - 5*r - 6. Let s be 9 + (8 - 18) - (-1)/(4/(-8)). Determine y(s).
0
Let o(s) = -5*s**2 - 65*s - 9. Let a be o(-13). Let g(m) = -22 + 8 - 19 - 4*m. Let r be g(a). Let h(d) = d**3 - 3*d**2 + d - 2. What is h(r)?
1
Let d(h) = h**3 + 9*h**2 + h + 3. Let g(x) = -15*x**2 + 14*x - 5*x**3 - 4*x**3 + 4*x**3 - 41 + 4*x**3. Let q be g(-16). Determine d(q).
-6
Let i(w) = -w**2 + 10*w - 9. Let o = 76 + -32. Let y = o + -20. Let n be 160/y + 4/(-6). Determine i(n).
15
Let r be ((-2)/5)/((-2)/10). Suppose 6*m - 7*m = -5*h - r, 4*h = -5*m + 10. Let o(i) = -7*i - 6*i**m - 3*i + 8*i - 7 - i**3. Give o(-6).
5
Let w(u) be the first derivative of u**4/4 - 19*u**3/3 - 19*u**2 - 82*u - 84. Let r be w(21). Let x(m) = -5*m. Calculate x(r).
-10
Let v(g) = g**2 + 6*g - 3. Suppose -1304 = -13*o - 186. Let y = -91 + o. Let t be -6 + y + 5 + 0. Determine v(t).
-3
Let d(u) = -3*u - 5. Suppose t + 2*f + 8 = 150, -f - 139 = -t. Let b be 4/6 + t/6. Suppose 0 = -14*m + 8*m - b. Determine d(m).
7
Suppose -51 - 19 = 7*g. Let d be 2 - g*12/(-30). Let h(y) = -y**2 + 2. Calculate h(d).
-2
Let r(l) = -4*l**2 - 1 - 43685*l + 4 + 6*l**2 - l**2 + 43685*l. Let h be 3 - (-1 + 0/(-1)). Give r(h).
19
Suppose -22*u - 5056 + 4968 = 0. Let x(b) = -b. Let m(h) be the first derivative of 2*h**3/3 + 9*h**2 + 6*h - 1. Let d(i) = m(i) + 12*x(i). What is d(u)?
14
Let f(t) be the first derivative of -t + 113 - 1/3*t**3 - 1/2*t**2. Give f(0).
-1
Suppose 2256 = -4*l + 116. Let p = 541 + l. Let s(y) = y**3 - 7*y**2 + 8*y - 3. Give s(p).
9
Let s(t) be the second derivative of -4*t**2 + 1/6*t**3 + 0 + 39*t. Suppose -i = -2*i. Calculate s(i).
-8
Let i be ((-8)/20)/(-13 - (-1935)/150). Let z(p) = -p**2 + 11*p + 4. Determine z(i).
32
Let o(t) be the second derivative of -t**6/360 - t**5/60 + 5*t**4/3 - t**3/2 - 52*t. Let k(j) be the third derivative of o(j). What is k(3)?
-8
Let c(y) = -20*y**2 + 137*y - 2. Suppose 0 = 768*q - 771*q - 3*o + 39, -4*o = -5*q + 11. Give c(q).
-23
Let n be 82/287 + ((-10848)/(-14))/(-3). Let h = 263 + n. Let c(u) = 3*u - 8. Give c(h).
7
Let s(t) be the second derivative of t**5/20 + 7*t**4/12 - 4*t**3/3 + t**2 + 96*t. Let y be s(-8). Let b(v) = -3*v + 1. What is b(y)?
-5
Suppose -x + 4*q = 5, -x + q + 2 = 1. Let t(m) = -1 + m**2 - 1318745948*m + 0*m**2 + 1318745945*m. What is t(x)?
-1
Let f be (-3)/15 - 1/(-5*1). Let s(v) be the third derivative of -v**5/60 - v**4/24 - v**3/6 + 103*v**2. What is s(f)?
-1
Let p(r) = 2*r + 3. Let i(q) = -9*q + 9. Suppose 0*b + 2*b - 3 = 3*x, -b - 2 = -5*x. Let y be i(x). Give p(y).
3
Let x(y) = -y**2 + 29*y + 397. Let v be x(39). Let h(l) = -l + 1. Let p(t) = 5*t - 9. Let m(q) = -6*h(q) - p(q). Calculate m(v).
10
Let x(f) be the third derivative of -7/6*f**3 - 1/24*f**4 + 0*f + 0 - 41*f**2. Give x(0).
-7
Let g(i) = -8*i**3 - 72*i**2 + 72. Let q(z) = 41*z**2 + 4*z - 24*z**2 - 16*z**2 - 4*z - 1. Let x(p) = 2*g(p) + 144*q(p). Determine x(-1).
16
Let r(u) be the first derivative of 3*u**2 + 2*u + 31643. Let h be 1/(-2 - (2 - 3)). Give r(h).
-4
Let n(v) be the second derivative of v**5/10 + 3*v**4/4 - v**3/6 + 3*v**2 + 3013*v. Calculate n(-5).
-14
Let l(v) be the third derivative of -v**4/24 - v**3/6 + 2*v**2. Let f be l(1). Let n(b) = -39*b - 27447 + 23*b + 27445 + 27*b. What is n(f)?
-24
Let o(m) = -m**3 + 6*m**2 - 8*m + 7. Suppose 0 = 2*q + 2, -4*n + q - 3 = 20. Let y be (-170)/(-30) + -6 - 32/n. Determine o(y).
-8
Let d(h) = -3*h**3 + 17*h**2 - 5*h + 4. Let c be d(1). Let j(y) = -y**3 + 15*y**2 - 30*y + 29. Determine j(c).
-23
Let l(m) be the third derivative of -1/40*m**5 + 1/6*m**3 + 0*m - 8*m**2 + 0 + 0*m**4. Let a(k) be the first derivative of l(k). What is a(5)?
-15
Suppose -3*x - g = -0 - 4, 3*x = g + 14. Suppose -x*u = -2*u. Let m(r) = 0*r - 579 - r + 289 + 282. Calculate m(u).
-8
Let r(s) = s**2 + s - 2. Let q(u) = -4*u**3 + 5*u**2 + 2*u - 6. Let d be ((171/36)/(-19))/((-1)/4). Let y(g) = d*q(g) - 4*r(g). What is y(2)?
-30
Let q(m) = -m**2 - 4*m + 3. Let c be ((-3)/(-5))/((-3)/(-15)). Let k be c*5/(45/24). Suppose k = -16*s + 20*s. Give q(s).
-9
Let i(g) = 27*g**3 - 26*g**2 - 24*g + 28. Let w(q) = -155*q**3 + 156*q**2 + 144*q - 168. Let d(a) = 23*i(a) + 4*w(a). Determine d(-25).
-3
Let g(w) = -w - 17. Let y = 372 + -189. Let n = y + -199. Determine g(n).
-1
Let u(h) be the first derivative of -120 + 1/2*h**2 - 3*h. Let q(c) = 3*c**2 + 2*c - 1. Let f be q(-2). What is u(f)?
4
Let l(h) = 23*h - 204. Let r be l(9). Let a(c) = -c + 11. Let p be a(9). Let k(x) = -x**2 - 3*x**2 - p*x**2 + 4*x**2 + 4*x. What is k(r)?
-6
Let c be (20/150 - 1/(-5))*-3. Let b(d) = 2*d + 112. Let n(f) = f + 61. Let y(o) = -6*b(o) + 11*n(o). What is y(c)?
0
Let y(k) = -6*k**2 - 8*k - 10. Suppose -4*g + 2*z = 4, -5*g - 2*z - 23 = -18. Determine y(g).
-8
Let u = 170 - 168. Let h(x) = 16 - 5 + 9*x + 10*x**2 - 11*x**u - 14. Give h(4).
17
Suppose -2*m - 87 = -77. Let t(r) = 3*r - 3 - 2*r + 0*r + 13. Give t(m).
5
Let i(t) = -2*t + 7. Let b(a) = -4*a + 0 - 7 + 18*a - 13*a. Let w(z) = -4*b(z) - 3*i(z). What is w(-7)?
-7
Let k(j) = j**3 + 3*j**2 - j - j**2 - 5 + 4*j**2. Let g(m) = -5*m**2 + 45*m - 75. Let w be g(7). What is k(w)?
25
Let f(v) be the second derivative of 79*v**3/6 + 398*v**2 + 9261*v. Determine f(-10).
6
Let r(m) = -11*m**3 + 3*m**2 + 16*m + 643. Let g(f) = -6*f**3 + 2*f**2 + 8*f + 355. Let q(d) = -9*g(d) + 5*r(d). Determine q(-2).
0
Let k(v) = 2258171 + 12*v - 2*v**3 - 5*v + 4*v**2 - 2258172. What is k(2)?
13
Let d be (-18)/(-24) - (7/4 + -5 + 3). Let v(o) = 20*o**3 - 2*o**2 + 6*o - 6. Calculate v(d).
18
Let r(s) be the second derivative of -1/60*s**5 + 1/6*s**3 + 5*s**2 + 1/8*s**4 + 18*s + 0. Let o(z) be the first derivative of r(z). Calculate o(3).
1
Let